{"id":363,"date":"2021-02-18T10:58:18","date_gmt":"2021-02-18T10:58:18","guid":{"rendered":"https:\/\/trachtdev.private-cloud.network\/?page_id=363"},"modified":"2021-03-07T15:08:00","modified_gmt":"2021-03-07T15:08:00","slug":"nebelsegler-dreispitz","status":"publish","type":"page","link":"https:\/\/altriper-tracht.de\/?page_id=363","title":{"rendered":"Nebelsegler \/ Dreispitz"},"content":{"rendered":"<p>&nbsp;<\/p>\n<h3>Nebelsegler<\/h3>\n<p>Diskussion s.u.<\/p>\n<p><noscript><img decoding=\"async\" class src=\"\/wp-content\/uploads\/2021\/02\/Nebelsegler1.png\" width=\"361\" height=\"309\"><\/noscript><img decoding=\"async\" class=\" lazyload\" src=\"data:image\/svg+xml,%3Csvg%20xmlns%3D%22http%3A%2F%2Fwww.w3.org%2F2000%2Fsvg%22%20viewBox%3D%220%200%20361%20309%22%3E%3C%2Fsvg%3E\" width=\"361\" height=\"309\" data-src=\"\/wp-content\/uploads\/2021\/02\/Nebelsegler1.png\"><\/p>\n<p><noscript><img decoding=\"async\" class src=\"\/wp-content\/uploads\/2021\/02\/Nebelsegler2.png\" width=\"374\" height=\"292\"><\/noscript><img decoding=\"async\" class=\" lazyload\" src=\"data:image\/svg+xml,%3Csvg%20xmlns%3D%22http%3A%2F%2Fwww.w3.org%2F2000%2Fsvg%22%20viewBox%3D%220%200%20374%20292%22%3E%3C%2Fsvg%3E\" width=\"374\" height=\"292\" data-src=\"\/wp-content\/uploads\/2021\/02\/Nebelsegler2.png\"><\/p>\n<p>breitkrempiger, einseitig mit Ripsband breit- hochgekrempter Rundhut aus schwarzem, dickem Filz (Krempe: 16 cm Breite, Filzdicke: 4 mm).<\/p>\n<h3>Dreispitz<\/h3>\n<p><noscript><img decoding=\"async\" class src=\"\/wp-content\/uploads\/2021\/02\/Dreispitz.png\" width=\"366\" height=\"233\"><\/noscript><img decoding=\"async\" class=\" lazyload\" src=\"data:image\/svg+xml,%3Csvg%20xmlns%3D%22http%3A%2F%2Fwww.w3.org%2F2000%2Fsvg%22%20viewBox%3D%220%200%20366%20233%22%3E%3C%2Fsvg%3E\" width=\"366\" height=\"233\" data-src=\"\/wp-content\/uploads\/2021\/02\/Dreispitz.png\"><\/p>\n<p>&nbsp;<\/p>\n<p><span style=\"color: 000066;\">dreiseitig aufgekrempter Rundhut mit flachem Kopf aus schwarzem Filz (4mm dick)<br>\n<\/span><\/p>\n<p><b>Verzierung<\/b> der Frontseite: Ripsband<\/p>\n<hr>\n<p><strong>Diskussion:<\/strong><\/p>\n<p>Da f\u00fcr Altrip nach Provo beide H\u00fcte bezeugt sind, w\u00e4ren auch beide H\u00fcte m\u00f6glich zu tragen. Der Nebelsegler ist aber nat\u00fcrlich der absolute Hingucker und mittlerweile ein Alleinstellungsmerkmal der Altriper M\u00e4nnertracht.<\/p>\n","protected":false},"excerpt":{"rendered":"<p>&nbsp; Nebelsegler Diskussion s.u. breitkrempiger, einseitig mit Ripsband breit- hochgekrempter Rundhut aus schwarzem, dickem Filz (Krempe: 16 cm Breite, Filzdicke: 4 mm). Dreispitz &nbsp; dreiseitig aufgekrempter Rundhut mit flachem Kopf aus schwarzem Filz (4mm dick) Verzierung der Frontseite: Ripsband Diskussion: Da f\u00fcr Altrip nach Provo beide H\u00fcte bezeugt sind, w\u00e4ren auch beide H\u00fcte m\u00f6glich zu&hellip; <\/p>\n<p> <a rel=\"bookmark\" class=\"read-more btn btn-primary\" href=\"https:\/\/altriper-tracht.de\/?page_id=363\">Weiterlesen<span class=\"screen-reader-text\"> bei Nebelsegler \/ Dreispitz <\/span>&raquo;<\/a><\/p>\n","protected":false},"author":2,"featured_media":0,"parent":59,"menu_order":0,"comment_status":"open","ping_status":"closed","template":"","meta":{"_crdt_document":"","footnotes":""},"class_list":["post-363","page","type-page","status-publish","hentry"],"_links":{"self":[{"href":"https:\/\/altriper-tracht.de\/index.php?rest_route=\/wp\/v2\/pages\/363","targetHints":{"allow":["GET"]}}],"collection":[{"href":"https:\/\/altriper-tracht.de\/index.php?rest_route=\/wp\/v2\/pages"}],"about":[{"href":"https:\/\/altriper-tracht.de\/index.php?rest_route=\/wp\/v2\/types\/page"}],"author":[{"embeddable":true,"href":"https:\/\/altriper-tracht.de\/index.php?rest_route=\/wp\/v2\/users\/2"}],"replies":[{"embeddable":true,"href":"https:\/\/altriper-tracht.de\/index.php?rest_route=%2Fwp%2Fv2%2Fcomments&post=363"}],"version-history":[{"count":19,"href":"https:\/\/altriper-tracht.de\/index.php?rest_route=\/wp\/v2\/pages\/363\/revisions"}],"predecessor-version":[{"id":971,"href":"https:\/\/altriper-tracht.de\/index.php?rest_route=\/wp\/v2\/pages\/363\/revisions\/971"}],"up":[{"embeddable":true,"href":"https:\/\/altriper-tracht.de\/index.php?rest_route=\/wp\/v2\/pages\/59"}],"wp:attachment":[{"href":"https:\/\/altriper-tracht.de\/index.php?rest_route=%2Fwp%2Fv2%2Fmedia&parent=363"}],"curies":[{"name":"wp","href":"https:\/\/api.w.org\/{rel}","templated":true}]}}