{"id":283,"date":"2021-02-18T09:12:20","date_gmt":"2021-02-18T09:12:20","guid":{"rendered":"https:\/\/trachtdev.private-cloud.network\/?page_id=283"},"modified":"2021-03-07T15:01:53","modified_gmt":"2021-03-07T15:01:53","slug":"wams","status":"publish","type":"page","link":"https:\/\/altriper-tracht.de\/?page_id=283","title":{"rendered":"Wams"},"content":{"rendered":"<p>&nbsp;<\/p>\n<h3>Wams<\/h3>\n<p>&nbsp;<\/p>\n<p><noscript><img decoding=\"async\" class=\"alignnone\" src=\"\/wp-content\/uploads\/2021\/02\/40564434bq.png\"><\/noscript><img decoding=\"async\" class=\"alignnone lazyload\" src=\"data:image\/gif;base64,R0lGODlhAQABAIAAAAAAAP\/\/\/yH5BAEAAAAALAAAAAABAAEAAAIBRAA7\" data-src=\"\/wp-content\/uploads\/2021\/02\/40564434bq.png\"><\/p>\n<p><strong>Gesamtl\u00e4nge:<\/strong> 68 cm<\/p>\n<p><strong>Stoff:<\/strong> nachtblaues Tuch (Wollstoff)<\/p>\n<p><strong>Vorderansicht:<\/strong><\/p>\n<ul>\n<li>2-reihige Jacke<\/li>\n<li>breites, kurzes Revers und Stehkragen (Revers in Kombination mit Stehkragen kommt aus der Tradition der Uniformjacken)<br>\n\u00b7 das Revers ist mit einem Knopf am Vorderteil befestigt; es kann anhand von Kn\u00f6pfen hochgeschlossen werden<\/li>\n<li>keine Nahtf\u00fchrung<\/li>\n<li>Kn\u00f6pfe: 5 Knopfpaare; Zwirn- oder Posamentenkn\u00f6pfe in gebrochenem Wei\u00df<\/li>\n<li>2 Leistentaschen<\/li>\n<li>r\u00fcckverlegte Schulternaht<\/li>\n<\/ul>\n<p><strong>\u00c4rmel:<\/strong><\/p>\n<ul>\n<li><span style=\"color: 000066;\">Zweinaht\u00e4rmel mit Schlitz<\/span><\/li>\n<li><span style=\"color: 000066;\">\u00dcbertritt ist mit Zierknopf ohne Knopfloch am Untertritt befestigt<\/span><\/li>\n<\/ul>\n<p><strong>R\u00fcckansicht:<\/strong><\/p>\n<ul>\n<li><span style=\"color: 000066;\">Schulternaht ist r\u00fcckverlegt<\/span><\/li>\n<li><span style=\"color: 000066;\">hintere Mitte hat eine Naht<\/span><\/li>\n<li><span style=\"color: 000066;\">Vorderteil schlie\u00dft mit Rundnaht (&#8222;Wiener Naht&#8220;) im R\u00fccken, in der r\u00fcckw\u00e4rtigen Mitte verl\u00e4uft eine Naht<\/span><\/li>\n<\/ul>\n<p><strong>Verarbeitung:<\/strong><\/p>\n<ul>\n<li>Vorderteil ist auf Rosshaareinlage gearbeitet (klassische Verarbeitung: pikiert, lissiert)<\/li>\n<li>Im Brustbereich wurden 2 Rosshaareinlagen \u00fcbereinander gearbeitet<\/li>\n<li>Schulterpolster: d\u00fcnn aus Stoff und Rosshaar gefertigt<\/li>\n<li>Innenfutter: naturfarbenes Leinen<\/li>\n<\/ul>\n<hr>\n<p>Das Wams wurde laut Becker (vgl. S.4) im Alltag generell und von unverheirateten M\u00e4nnern auch an Festtagen getragen.<\/p>\n","protected":false},"excerpt":{"rendered":"<p>&nbsp; Wams &nbsp; Gesamtl\u00e4nge: 68 cm Stoff: nachtblaues Tuch (Wollstoff) Vorderansicht: 2-reihige Jacke breites, kurzes Revers und Stehkragen (Revers in Kombination mit Stehkragen kommt aus der Tradition der Uniformjacken) \u00b7 das Revers ist mit einem Knopf am Vorderteil befestigt; es kann anhand von Kn\u00f6pfen hochgeschlossen werden keine Nahtf\u00fchrung Kn\u00f6pfe: 5 Knopfpaare; Zwirn- oder Posamentenkn\u00f6pfe in&hellip; <\/p>\n<p> <a rel=\"bookmark\" class=\"read-more btn btn-primary\" href=\"https:\/\/altriper-tracht.de\/?page_id=283\">Weiterlesen<span class=\"screen-reader-text\"> bei Wams <\/span>&raquo;<\/a><\/p>\n","protected":false},"author":2,"featured_media":0,"parent":59,"menu_order":0,"comment_status":"open","ping_status":"closed","template":"","meta":{"_crdt_document":"","footnotes":""},"class_list":["post-283","page","type-page","status-publish","hentry"],"_links":{"self":[{"href":"https:\/\/altriper-tracht.de\/index.php?rest_route=\/wp\/v2\/pages\/283","targetHints":{"allow":["GET"]}}],"collection":[{"href":"https:\/\/altriper-tracht.de\/index.php?rest_route=\/wp\/v2\/pages"}],"about":[{"href":"https:\/\/altriper-tracht.de\/index.php?rest_route=\/wp\/v2\/types\/page"}],"author":[{"embeddable":true,"href":"https:\/\/altriper-tracht.de\/index.php?rest_route=\/wp\/v2\/users\/2"}],"replies":[{"embeddable":true,"href":"https:\/\/altriper-tracht.de\/index.php?rest_route=%2Fwp%2Fv2%2Fcomments&post=283"}],"version-history":[{"count":12,"href":"https:\/\/altriper-tracht.de\/index.php?rest_route=\/wp\/v2\/pages\/283\/revisions"}],"predecessor-version":[{"id":965,"href":"https:\/\/altriper-tracht.de\/index.php?rest_route=\/wp\/v2\/pages\/283\/revisions\/965"}],"up":[{"embeddable":true,"href":"https:\/\/altriper-tracht.de\/index.php?rest_route=\/wp\/v2\/pages\/59"}],"wp:attachment":[{"href":"https:\/\/altriper-tracht.de\/index.php?rest_route=%2Fwp%2Fv2%2Fmedia&parent=283"}],"curies":[{"name":"wp","href":"https:\/\/api.w.org\/{rel}","templated":true}]}}