{"id":262,"date":"2021-02-18T09:08:32","date_gmt":"2021-02-18T09:08:32","guid":{"rendered":"https:\/\/trachtdev.private-cloud.network\/?page_id=262"},"modified":"2021-03-07T14:44:22","modified_gmt":"2021-03-07T14:44:22","slug":"schuhe","status":"publish","type":"page","link":"https:\/\/altriper-tracht.de\/?page_id=262","title":{"rendered":"Schuhe"},"content":{"rendered":"<p>&nbsp;<\/p>\n<h3>Schuhe<\/h3>\n<p><noscript><img decoding=\"async\" class=\"alignnone size-medium wp-image-429\" src=\"https:\/\/trachtdev.private-cloud.network\/wp-content\/uploads\/2021\/02\/frauenschuhe-300x237.jpg\" alt width=\"300\" height=\"237\" srcset=\"https:\/\/altriper-tracht.de\/wp-content\/uploads\/2021\/02\/frauenschuhe-300x237.jpg 300w, https:\/\/altriper-tracht.de\/wp-content\/uploads\/2021\/02\/frauenschuhe-1024x809.jpg 1024w, https:\/\/altriper-tracht.de\/wp-content\/uploads\/2021\/02\/frauenschuhe-768x607.jpg 768w, https:\/\/altriper-tracht.de\/wp-content\/uploads\/2021\/02\/frauenschuhe.jpg 1432w\" sizes=\"(max-width: 300px) 100vw, 300px\"><\/noscript><img decoding=\"async\" class=\"alignnone size-medium wp-image-429 lazyload\" src=\"data:image\/svg+xml,%3Csvg%20xmlns%3D%22http%3A%2F%2Fwww.w3.org%2F2000%2Fsvg%22%20viewBox%3D%220%200%20300%20237%22%3E%3C%2Fsvg%3E\" alt width=\"300\" height=\"237\" srcset=\"data:image\/svg+xml,%3Csvg%20xmlns%3D%22http%3A%2F%2Fwww.w3.org%2F2000%2Fsvg%22%20viewBox%3D%220%200%20300%20237%22%3E%3C%2Fsvg%3E 300w\" sizes=\"(max-width: 300px) 100vw, 300px\" data-srcset=\"https:\/\/altriper-tracht.de\/wp-content\/uploads\/2021\/02\/frauenschuhe-300x237.jpg 300w, https:\/\/altriper-tracht.de\/wp-content\/uploads\/2021\/02\/frauenschuhe-1024x809.jpg 1024w, https:\/\/altriper-tracht.de\/wp-content\/uploads\/2021\/02\/frauenschuhe-768x607.jpg 768w, https:\/\/altriper-tracht.de\/wp-content\/uploads\/2021\/02\/frauenschuhe.jpg 1432w\" data-src=\"https:\/\/trachtdev.private-cloud.network\/wp-content\/uploads\/2021\/02\/frauenschuhe-300x237.jpg\"><\/p>\n<p>&nbsp;<\/p>\n<p><strong>Material:<\/strong> Leder, Metallschnallen&nbsp;&nbsp; Details<\/p>\n<p><strong>Farbe:<\/strong> schwarz<\/p>\n<p><strong>Verarbeitung:<\/strong><\/p>\n<ul>\n<li>niedriger Absatz<\/li>\n<li>offen<\/li>\n<li>\u00fcber dem Reihen mit 2 Riemchen gehalten<\/li>\n<li>Verschluss: kleine Metallschnallen<\/li>\n<\/ul>\n<hr>\n<p>Die Schuhfarbe in der Tracht ist schwarz &#8211; ein Relikt aus der spanischen Mode in der ausgehenden Renaissance.<br>\n<span style=\"-webkit-text-size-adjust: 100%;\">Die hier abgebildeten Schuhe sind die sog. \u201eWerdenfelser Dirndlschuhe\u201c &#8211; sie entsprechen nicht so ganz der recht rudiment\u00e4ren Beschreibung im \u201eBeckerbuch\u201c S. 140 : \u201eDer Lederschuh war oft nieder und weit ausgeschnitten, die Sonntagsschuhe umspannten nur die Zehen und wurden mit einem Kreuzbande \u00fcber den Reihen gehalten\u201c.&nbsp;<a href=\"http:\/\/www.rpb-rlp.de\/107t01022328\" target=\"_blank\" rel=\"noopener\">http:\/\/www.rpb-rlp.de\/107t01022328<\/a><br>\nDas klingt nach sehr leichtem Schuhwerk. Ob das so einheitlich f\u00fcr die Pfalz war, wie es bei Becker klingt, sei dahingestellt. Wir hatten jedenfalls keinen Schuhmacher an der Hand, der uns ein entsprechendes Modell h\u00e4tte anfertigen k\u00f6nnen und w\u00e4hlten das oben gezeigte Modell.<\/span><\/p>\n<p>F\u00fcr die Trachtentr\u00e4gerin von heute sind nicht zu hohe schwarze Spangenpumps eine gute Alternative.<\/p>\n<p>&nbsp;<\/p>\n<p>&nbsp;<\/p>\n","protected":false},"excerpt":{"rendered":"<p>&nbsp; Schuhe &nbsp; Material: Leder, Metallschnallen&nbsp;&nbsp; Details Farbe: schwarz Verarbeitung: niedriger Absatz offen \u00fcber dem Reihen mit 2 Riemchen gehalten Verschluss: kleine Metallschnallen Die Schuhfarbe in der Tracht ist schwarz &#8211; ein Relikt aus der spanischen Mode in der ausgehenden Renaissance. Die hier abgebildeten Schuhe sind die sog. \u201eWerdenfelser Dirndlschuhe\u201c &#8211; sie entsprechen nicht so&hellip; <\/p>\n<p> <a rel=\"bookmark\" class=\"read-more btn btn-primary\" href=\"https:\/\/altriper-tracht.de\/?page_id=262\">Weiterlesen<span class=\"screen-reader-text\"> bei Schuhe <\/span>&raquo;<\/a><\/p>\n","protected":false},"author":2,"featured_media":0,"parent":56,"menu_order":0,"comment_status":"open","ping_status":"closed","template":"","meta":{"_crdt_document":"","footnotes":""},"class_list":["post-262","page","type-page","status-publish","hentry"],"_links":{"self":[{"href":"https:\/\/altriper-tracht.de\/index.php?rest_route=\/wp\/v2\/pages\/262","targetHints":{"allow":["GET"]}}],"collection":[{"href":"https:\/\/altriper-tracht.de\/index.php?rest_route=\/wp\/v2\/pages"}],"about":[{"href":"https:\/\/altriper-tracht.de\/index.php?rest_route=\/wp\/v2\/types\/page"}],"author":[{"embeddable":true,"href":"https:\/\/altriper-tracht.de\/index.php?rest_route=\/wp\/v2\/users\/2"}],"replies":[{"embeddable":true,"href":"https:\/\/altriper-tracht.de\/index.php?rest_route=%2Fwp%2Fv2%2Fcomments&post=262"}],"version-history":[{"count":11,"href":"https:\/\/altriper-tracht.de\/index.php?rest_route=\/wp\/v2\/pages\/262\/revisions"}],"predecessor-version":[{"id":903,"href":"https:\/\/altriper-tracht.de\/index.php?rest_route=\/wp\/v2\/pages\/262\/revisions\/903"}],"up":[{"embeddable":true,"href":"https:\/\/altriper-tracht.de\/index.php?rest_route=\/wp\/v2\/pages\/56"}],"wp:attachment":[{"href":"https:\/\/altriper-tracht.de\/index.php?rest_route=%2Fwp%2Fv2%2Fmedia&parent=262"}],"curies":[{"name":"wp","href":"https:\/\/api.w.org\/{rel}","templated":true}]}}

<p>&nbsp;</p>
<h3>Schuhe</h3>
<p><noscript><img decoding="async" class="alignnone size-medium wp-image-429" src="https://trachtdev.private-cloud.network/wp-content/uploads/2021/02/frauenschuhe-300x237.jpg" alt width="300" height="237" srcset="https://altriper-tracht.de/wp-content/uploads/2021/02/frauenschuhe-300x237.jpg 300w, https://altriper-tracht.de/wp-content/uploads/2021/02/frauenschuhe-1024x809.jpg 1024w, https://altriper-tracht.de/wp-content/uploads/2021/02/frauenschuhe-768x607.jpg 768w, https://altriper-tracht.de/wp-content/uploads/2021/02/frauenschuhe.jpg 1432w" sizes="(max-width: 300px) 100vw, 300px"></noscript><img decoding="async" class="alignnone size-medium wp-image-429 lazyload" src="data:image/svg+xml,%3Csvg%20xmlns%3D%22http%3A%2F%2Fwww.w3.org%2F2000%2Fsvg%22%20viewBox%3D%220%200%20300%20237%22%3E%3C%2Fsvg%3E" alt width="300" height="237" srcset="data:image/svg+xml,%3Csvg%20xmlns%3D%22http%3A%2F%2Fwww.w3.org%2F2000%2Fsvg%22%20viewBox%3D%220%200%20300%20237%22%3E%3C%2Fsvg%3E 300w" sizes="(max-width: 300px) 100vw, 300px" data-srcset="https://altriper-tracht.de/wp-content/uploads/2021/02/frauenschuhe-300x237.jpg 300w, https://altriper-tracht.de/wp-content/uploads/2021/02/frauenschuhe-1024x809.jpg 1024w, https://altriper-tracht.de/wp-content/uploads/2021/02/frauenschuhe-768x607.jpg 768w, https://altriper-tracht.de/wp-content/uploads/2021/02/frauenschuhe.jpg 1432w" data-src="https://trachtdev.private-cloud.network/wp-content/uploads/2021/02/frauenschuhe-300x237.jpg"></p>
<p>&nbsp;</p>
<p><strong>Material:</strong> Leder, Metallschnallen&nbsp;&nbsp; Details</p>
<p><strong>Farbe:</strong> schwarz</p>
<p><strong>Verarbeitung:</strong></p>
<ul>
<li>niedriger Absatz</li>
<li>offen</li>
<li>über dem Reihen mit 2 Riemchen gehalten</li>
<li>Verschluss: kleine Metallschnallen</li>
</ul>
<hr>
<p>Die Schuhfarbe in der Tracht ist schwarz &#8211; ein Relikt aus der spanischen Mode in der ausgehenden Renaissance.<br>
<span style="-webkit-text-size-adjust: 100%;">Die hier abgebildeten Schuhe sind die sog. „Werdenfelser Dirndlschuhe“ &#8211; sie entsprechen nicht so ganz der recht rudimentären Beschreibung im „Beckerbuch“ S. 140 : „Der Lederschuh war oft nieder und weit ausgeschnitten, die Sonntagsschuhe umspannten nur die Zehen und wurden mit einem Kreuzbande über den Reihen gehalten“.&nbsp;<a href="http://www.rpb-rlp.de/107t01022328" target="_blank" rel="noopener">http://www.rpb-rlp.de/107t01022328</a><br>
Das klingt nach sehr leichtem Schuhwerk. Ob das so einheitlich für die Pfalz war, wie es bei Becker klingt, sei dahingestellt. Wir hatten jedenfalls keinen Schuhmacher an der Hand, der uns ein entsprechendes Modell hätte anfertigen können und wählten das oben gezeigte Modell.</span></p>
<p>Für die Trachtenträgerin von heute sind nicht zu hohe schwarze Spangenpumps eine gute Alternative.</p>
<p>&nbsp;</p>
<p>&nbsp;</p>

<p>&nbsp; Schuhe &nbsp; Material: Leder, Metallschnallen&nbsp;&nbsp; Details Farbe: schwarz Verarbeitung: niedriger Absatz offen über dem Reihen mit 2 Riemchen gehalten Verschluss: kleine Metallschnallen Die Schuhfarbe in der Tracht ist schwarz &#8211; ein Relikt aus der spanischen Mode in der ausgehenden Renaissance. Die hier abgebildeten Schuhe sind die sog. „Werdenfelser Dirndlschuhe“ &#8211; sie entsprechen nicht so&hellip; </p>
<p> <a rel="bookmark" class="read-more btn btn-primary" href="https://altriper-tracht.de/?page_id=262">Weiterlesen<span class="screen-reader-text"> bei Schuhe </span>&raquo;</a></p>
