{"id":253,"date":"2021-02-18T09:07:09","date_gmt":"2021-02-18T09:07:09","guid":{"rendered":"https:\/\/trachtdev.private-cloud.network\/?page_id=253"},"modified":"2024-10-22T10:50:44","modified_gmt":"2024-10-22T10:50:44","slug":"brusttuch","status":"publish","type":"page","link":"https:\/\/altriper-tracht.de\/?page_id=253","title":{"rendered":"T\u00fccher"},"content":{"rendered":"<h3><\/h3>\n<p>Laut Karl-August Becker, &#8222;Die Volkstrachten in der Pfalz&#8220;, S 133 ff., gibt es <span style=\"color: #008080;\"><strong>drei verschiedene Arten von T\u00fcchern<\/strong>.<\/span><\/p>\n<h3><span style=\"color: #000080;\">Das kleinere Brusttuch<\/span><\/h3>\n<p>Zun\u00e4chst einmal das <strong><span style=\"color: #008080;\">kleinere Brusttuch<\/span><\/strong> (Unterhalstuch; viereckiges Tuch, 60 x60 cm, zusammengelegt als Dreieck), das nur den Brustausschnitt bedeckte und in das Leibchen gesteckt wurde. Diese Art von Brusttuch wurde immer getragen, war im Alltag aber wohl aus Leinen..<\/p>\n<p><noscript><img decoding=\"async\" class=\"alignnone size-medium wp-image-615\" src=\"\/wp-content\/uploads\/2021\/02\/brusttuch-klein-v-kl-292x300.jpg\" alt width=\"292\" height=\"300\" srcset=\"https:\/\/altriper-tracht.de\/wp-content\/uploads\/2021\/02\/brusttuch-klein-v-kl-292x300.jpg 292w, https:\/\/altriper-tracht.de\/wp-content\/uploads\/2021\/02\/brusttuch-klein-v-kl.jpg 551w\" sizes=\"(max-width: 292px) 100vw, 292px\"><\/noscript><img decoding=\"async\" class=\"alignnone size-medium wp-image-615 lazyload\" src=\"data:image\/svg+xml,%3Csvg%20xmlns%3D%22http%3A%2F%2Fwww.w3.org%2F2000%2Fsvg%22%20viewBox%3D%220%200%20292%20300%22%3E%3C%2Fsvg%3E\" alt width=\"292\" height=\"300\" srcset=\"data:image\/svg+xml,%3Csvg%20xmlns%3D%22http%3A%2F%2Fwww.w3.org%2F2000%2Fsvg%22%20viewBox%3D%220%200%20292%20300%22%3E%3C%2Fsvg%3E 292w\" sizes=\"(max-width: 292px) 100vw, 292px\" data-srcset=\"https:\/\/altriper-tracht.de\/wp-content\/uploads\/2021\/02\/brusttuch-klein-v-kl-292x300.jpg 292w, https:\/\/altriper-tracht.de\/wp-content\/uploads\/2021\/02\/brusttuch-klein-v-kl.jpg 551w\" data-src=\"\/wp-content\/uploads\/2021\/02\/brusttuch-klein-v-kl-292x300.jpg\"><\/p>\n<p><noscript><img decoding=\"async\" class=\"alignnone size-medium wp-image-617\" src=\"\/wp-content\/uploads\/2021\/02\/brusttuch-klein-h-kl-300x240.jpg\" alt width=\"300\" height=\"240\" srcset=\"https:\/\/altriper-tracht.de\/wp-content\/uploads\/2021\/02\/brusttuch-klein-h-kl-300x240.jpg 300w, https:\/\/altriper-tracht.de\/wp-content\/uploads\/2021\/02\/brusttuch-klein-h-kl.jpg 709w\" sizes=\"(max-width: 300px) 100vw, 300px\"><\/noscript><img decoding=\"async\" class=\"alignnone size-medium wp-image-617 lazyload\" src=\"data:image\/svg+xml,%3Csvg%20xmlns%3D%22http%3A%2F%2Fwww.w3.org%2F2000%2Fsvg%22%20viewBox%3D%220%200%20300%20240%22%3E%3C%2Fsvg%3E\" alt width=\"300\" height=\"240\" srcset=\"data:image\/svg+xml,%3Csvg%20xmlns%3D%22http%3A%2F%2Fwww.w3.org%2F2000%2Fsvg%22%20viewBox%3D%220%200%20300%20240%22%3E%3C%2Fsvg%3E 300w\" sizes=\"(max-width: 300px) 100vw, 300px\" data-srcset=\"https:\/\/altriper-tracht.de\/wp-content\/uploads\/2021\/02\/brusttuch-klein-h-kl-300x240.jpg 300w, https:\/\/altriper-tracht.de\/wp-content\/uploads\/2021\/02\/brusttuch-klein-h-kl.jpg 709w\" data-src=\"\/wp-content\/uploads\/2021\/02\/brusttuch-klein-h-kl-300x240.jpg\"><\/p>\n<p>&nbsp;<\/p>\n<h3><span style=\"color: #000080;\">Das gr\u00f6\u00dfere Brusttuch<\/span><\/h3>\n<p><strong>Wenn man ausging<\/strong>, legte man dar\u00fcber hinaus ein <span style=\"color: #008080;\"><strong>gr\u00f6\u00dferes Brusttuch<\/strong><\/span> an von ca. 80 x 80 cm an (in Dreiecksform \u00fcbereinander gelegt), das \u00fcber den R\u00fccken hinabhing. &#8222;Mit besonderem Stolz trugen die Frauen und M\u00e4dchen T\u00fccher, deren R\u00e4nder mit langen, gekn\u00fcpften Fransen besetzt waren.&#8220; (S. 134). Um ein solches &#8222;Ausgehtuch&#8220; handelt es sich hier.<\/p>\n<p><noscript><img decoding=\"async\" class=\"alignnone size-medium wp-image-415\" src=\"\/wp-content\/uploads\/2021\/02\/Brusttuch1-267x300.png\" alt width=\"267\" height=\"300\" srcset=\"https:\/\/altriper-tracht.de\/wp-content\/uploads\/2021\/02\/Brusttuch1-267x300.png 267w, https:\/\/altriper-tracht.de\/wp-content\/uploads\/2021\/02\/Brusttuch1.png 387w\" sizes=\"(max-width: 267px) 100vw, 267px\"><\/noscript><img decoding=\"async\" class=\"alignnone size-medium wp-image-415 lazyload\" src=\"data:image\/svg+xml,%3Csvg%20xmlns%3D%22http%3A%2F%2Fwww.w3.org%2F2000%2Fsvg%22%20viewBox%3D%220%200%20267%20300%22%3E%3C%2Fsvg%3E\" alt width=\"267\" height=\"300\" srcset=\"data:image\/svg+xml,%3Csvg%20xmlns%3D%22http%3A%2F%2Fwww.w3.org%2F2000%2Fsvg%22%20viewBox%3D%220%200%20267%20300%22%3E%3C%2Fsvg%3E 267w\" sizes=\"(max-width: 267px) 100vw, 267px\" data-srcset=\"https:\/\/altriper-tracht.de\/wp-content\/uploads\/2021\/02\/Brusttuch1-267x300.png 267w, https:\/\/altriper-tracht.de\/wp-content\/uploads\/2021\/02\/Brusttuch1.png 387w\" data-src=\"\/wp-content\/uploads\/2021\/02\/Brusttuch1-267x300.png\"><\/p>\n<p><b>Tuchgr\u00f6\u00dfe<\/b>: 80 x 80 cm (ohne Fransen<\/p>\n<p><b style=\"-webkit-text-size-adjust: 100%;\">Stoff<\/b><span style=\"-webkit-text-size-adjust: 100%;\">: hellblauer Reinseidenjaquard mit gro\u00dfem Blumenmuster&nbsp;&nbsp; Details<\/span><\/p>\n<p><b>Saum<\/b>: ringsum einrolliert und gesteppt<\/p>\n<p><b>Fransen<\/b>: (2 F\u00e4den hellblau, 2 F\u00e4den gebrochenes wei\u00df), 5-reihig gekn\u00fcpft<\/p>\n<p><strong>L\u00e4nge:<\/strong> 20 cm<\/p>\n<style id=\"bwg-style-0\">    #bwg_container1_0 #bwg_container2_0 .bwg-container-0.bwg-standard-thumbnails {      width: 1254px;              justify-content: center;        margin:0 auto !important;              background-color: rgba(255, 255, 255, 0.00);            padding-left: 4px;      padding-top: 4px;      max-width: 100%;            }        #bwg_container1_0 #bwg_container2_0 .bwg-container-0.bwg-standard-thumbnails .bwg-item {    justify-content: flex-start;      max-width: 250px;          }    #bwg_container1_0 #bwg_container2_0 .bwg-container-0.bwg-standard-thumbnails .bwg-item a {       margin-right: 4px;       margin-bottom: 4px;    }    #bwg_container1_0 #bwg_container2_0 .bwg-container-0.bwg-standard-thumbnails .bwg-item0 {      padding: 0px;            background-color:rgba(0,0,0, 0.30);      border: 0px none #CCCCCC;      opacity: 1.00;      border-radius: 0;      box-shadow: ;    }    #bwg_container1_0 #bwg_container2_0 .bwg-container-0.bwg-standard-thumbnails .bwg-item1 img {      max-height: none;      max-width: none;      padding: 0 !important;    }         @media only screen and (min-width: 480px) {\t\t#bwg_container1_0 #bwg_container2_0 .bwg-container-0.bwg-standard-thumbnails .bwg-item1 img {\t\t\t-webkit-transition: all .3s; transition: all .3s;\t\t}\t\t#bwg_container1_0 #bwg_container2_0 .bwg-container-0.bwg-standard-thumbnails .bwg-item1 img:hover {\t\t\t-ms-transform: scale(1.08);\t\t\t-webkit-transform: scale(1.08);\t\t\ttransform: scale(1.08);\t\t}\t\t\t\t.bwg-standard-thumbnails .bwg-zoom-effect .bwg-zoom-effect-overlay {\t\t\t\t\t\tbackground-color:rgba(0,0,0, 0.3);\t\t}\t\t.bwg-standard-thumbnails .bwg-zoom-effect:hover img {\t\t\t-ms-transform: scale(1.08);\t\t\t-webkit-transform: scale(1.08);\t\t\ttransform: scale(1.08);\t\t}\t\t      }\t    #bwg_container1_0 #bwg_container2_0 .bwg-container-0.bwg-standard-thumbnails .bwg-item1 {      padding-top: 56%;    }        #bwg_container1_0 #bwg_container2_0 .bwg-container-0.bwg-standard-thumbnails .bwg-title1 {      position: absolute;      top: 0;      z-index: 100;      width: 100%;      height: 100%;      display: flex;      justify-content: center;      align-content: center;      flex-direction: column;      opacity: 0;    }\t      #bwg_container1_0 #bwg_container2_0 .bwg-container-0.bwg-standard-thumbnails .bwg-title2,    #bwg_container1_0 #bwg_container2_0 .bwg-container-0.bwg-standard-thumbnails .bwg-ecommerce2 {      color: #FFFFFF;      font-family: Ubuntu;      font-size: 16px;      font-weight: bold;      padding: 2px;      text-shadow: ;      max-height: 100%;    }    #bwg_container1_0 #bwg_container2_0 .bwg-container-0.bwg-standard-thumbnails .bwg-thumb-description span {    color: #323A45;    font-family: Ubuntu;    font-size: 12px;    max-height: 100%;    word-wrap: break-word;    }    #bwg_container1_0 #bwg_container2_0 .bwg-container-0.bwg-standard-thumbnails .bwg-play-icon2 {      font-size: 32px;    }    #bwg_container1_0 #bwg_container2_0 .bwg-container-0.bwg-standard-thumbnails .bwg-ecommerce2 {      font-size: 19.2px;      color: #323A45;    }    <\/style>    <div id=\"bwg_container1_0\" class=\"bwg_container bwg_thumbnail bwg_thumbnails \" data-right-click-protection=\"1\" data-bwg=\"0\" data-scroll=\"0\" data-gallery-type=\"thumbnails\" data-gallery-view-type=\"thumbnails\" data-current-url=\"\/index.php?rest_route=%2Fwp%2Fv2%2Fpages%2F253\" data-lightbox-url=\"https:\/\/altriper-tracht.de\/wp-admin\/admin-ajax.php?action=GalleryBox&#038;current_view=0&#038;gallery_id=23&#038;tag=0&#038;theme_id=1&#038;shortcode_id=49&#038;sort_by=order&#038;order_by=asc&#038;current_url=%2Findex.php%3Frest_route%3D%252Fwp%252Fv2%252Fpages%252F253\" data-gallery-id=\"23\" data-popup-width=\"800\" data-popup-height=\"500\" data-is-album=\"gallery\" data-buttons-position=\"bottom\">      <div id=\"bwg_container2_0\">             <div id=\"ajax_loading_0\" class=\"bwg_loading_div_1\">      <div class=\"bwg_loading_div_2\">        <div class=\"bwg_loading_div_3\">          <div id=\"loading_div_0\" class=\"bwg_spider_ajax_loading\">          <\/div>        <\/div>      <\/div>    <\/div>            <form id=\"gal_front_form_0\" class=\"bwg-hidden\" method=\"post\" action=\"#\" data-current=\"0\" data-shortcode-id=\"49\" data-gallery-type=\"thumbnails\" data-gallery-id=\"23\" data-tag=\"0\" data-album-id=\"0\" data-theme-id=\"1\" data-ajax-url=\"https:\/\/altriper-tracht.de\/wp-admin\/admin-ajax.php?action=bwg_frontend_data\">          <div id=\"bwg_container3_0\" class=\"bwg-background bwg-background-0\">                <div data-max-count=\"5\" data-thumbnail-width=\"250\" data-bwg=\"0\" data-gallery-id=\"23\" data-lightbox-url=\"https:\/\/altriper-tracht.de\/wp-admin\/admin-ajax.php?action=GalleryBox&amp;current_view=0&amp;gallery_id=23&amp;tag=0&amp;theme_id=1&amp;shortcode_id=49&amp;sort_by=order&amp;order_by=asc&amp;current_url=%2Findex.php%3Frest_route%3D%252Fwp%252Fv2%252Fpages%252F253\" id=\"bwg_thumbnails_0\" class=\"bwg-container-0 bwg-thumbnails bwg-standard-thumbnails bwg-container bwg-border-box\">            <div class=\"bwg-item\">        <a class=\"bwg-a  bwg_lightbox\" data-image-id=\"77\" href=\"https:\/\/altriper-tracht.de\/wp-content\/uploads\/photo-gallery\/imported_from_media_libray\/Brusttuch-gross-v-kl.jpg?bwg=1614543445\" data-elementor-open-lightbox=\"no\">                <div class=\"bwg-item0 \">          <div class=\"bwg-item1 bwg-zoom-effect\">            <div class=\"bwg-item2\">              <img decoding=\"async\" class=\"skip-lazy bwg_standart_thumb_img_0 \" data-id=\"77\" data-width=\"500\" data-height=\"477\" data-src=\"https:\/\/altriper-tracht.de\/wp-content\/uploads\/photo-gallery\/imported_from_media_libray\/thumb\/Brusttuch-gross-v-kl.jpg?bwg=1614543445\" src=\"https:\/\/altriper-tracht.de\/wp-content\/uploads\/photo-gallery\/imported_from_media_libray\/thumb\/Brusttuch-gross-v-kl.jpg?bwg=1614543445\" alt=\"Brusttuch gro\u00df Vorderansicht\" title=\"Brusttuch gro\u00df Vorderansicht\">            <\/div>            <div class=\"bwg-zoom-effect-overlay\">              <div class=\"bwg-title1\"><div class=\"bwg-title2\">Brusttuch gro\u00df Vorderansicht<\/div><\/div>                                        <\/div>          <\/div>        <\/div>                        <\/a>              <\/div>            <div class=\"bwg-item\">        <a class=\"bwg-a  bwg_lightbox\" data-image-id=\"76\" href=\"https:\/\/altriper-tracht.de\/wp-content\/uploads\/photo-gallery\/imported_from_media_libray\/Brusttuch-gross-h-kl.jpg?bwg=1614543445\" data-elementor-open-lightbox=\"no\">                <div class=\"bwg-item0 \">          <div class=\"bwg-item1 bwg-zoom-effect\">            <div class=\"bwg-item2\">              <img decoding=\"async\" class=\"skip-lazy bwg_standart_thumb_img_0 \" data-id=\"76\" data-width=\"467\" data-height=\"500\" data-src=\"https:\/\/altriper-tracht.de\/wp-content\/uploads\/photo-gallery\/imported_from_media_libray\/thumb\/Brusttuch-gross-h-kl.jpg?bwg=1614543445\" src=\"https:\/\/altriper-tracht.de\/wp-content\/uploads\/photo-gallery\/imported_from_media_libray\/thumb\/Brusttuch-gross-h-kl.jpg?bwg=1614543445\" alt=\"Brusttuch gro\u00df R\u00fcckansicht\" title=\"Brusttuch gro\u00df R\u00fcckansicht\">            <\/div>            <div class=\"bwg-zoom-effect-overlay\">              <div class=\"bwg-title1\"><div class=\"bwg-title2\">Brusttuch gro\u00df R\u00fcckansicht<\/div><\/div>                                        <\/div>          <\/div>        <\/div>                        <\/a>              <\/div>          <\/div>    <style>      \/*pagination styles*\/      #bwg_container1_0 #bwg_container2_0 .tablenav-pages_0 {\t\t\t\ttext-align: center;\t\t\t\tfont-size: 12px;\t\t\t\tfont-family: Ubuntu;\t\t\t\tfont-weight: bold;\t\t\t\tcolor: #666666;\t\t\t\tmargin: 6px 0 4px;\t\t\t\tdisplay: block;      }      @media only screen and (max-width : 320px) {      #bwg_container1_0 #bwg_container2_0 .displaying-num_0 {     \t display: none;      }      }      #bwg_container1_0 #bwg_container2_0 .displaying-num_0 {\t\t\t\tfont-size: 12px;\t\t\t\tfont-family: Ubuntu;\t\t\t\tfont-weight: bold;\t\t\t\tcolor: #666666;\t\t\t\tmargin-right: 10px;\t\t\t\tvertical-align: middle;      }      #bwg_container1_0 #bwg_container2_0 .paging-input_0 {\t\t\t\tfont-size: 12px;\t\t\t\tfont-family: Ubuntu;\t\t\t\tfont-weight: bold;\t\t\t\tcolor: #666666;\t\t\t\tvertical-align: middle;      }      #bwg_container1_0 #bwg_container2_0 .tablenav-pages_0 a.disabled,      #bwg_container1_0 #bwg_container2_0 .tablenav-pages_0 a.disabled:hover,      #bwg_container1_0 #bwg_container2_0 .tablenav-pages_0 a.disabled:focus,\t\t\t#bwg_container1_0 #bwg_container2_0 .tablenav-pages_0 input.bwg_current_page {\t\t\t\tcursor: default;\t\t\t\tcolor: rgba(102, 102, 102, 0.5);      }      #bwg_container1_0 #bwg_container2_0 .tablenav-pages_0 a,      #bwg_container1_0 #bwg_container2_0 .tablenav-pages_0 input.bwg_current_page {\t\t\t\tcursor: pointer;\t\t\t\ttext-align: center;\t\t\t\tfont-size: 12px;\t\t\t\tfont-family: Ubuntu;\t\t\t\tfont-weight: bold;\t\t\t\tcolor: #666666;\t\t\t\ttext-decoration: none;\t\t\t\tpadding: 3px 6px;\t\t\t\tmargin: 0;\t\t\t\tborder-radius: 0;\t\t\t\tborder-style: solid;\t\t\t\tborder-width: 1px;\t\t\t\tborder-color: #E3E3E3;\t\t\t\t\t\t\t\tbackground-color: rgba(255, 255, 255, 1.00);\t\t\t\tbox-shadow: 0;\t\t\t\ttransition: all 0.3s ease 0s;-webkit-transition: all 0.3s ease 0s;      }      <\/style>      <span class=\"bwg_nav_cont_0\">              <div class=\"tablenav-pages_0\">                  <\/div>                <input type=\"hidden\" id=\"page_number_0\" name=\"page_number_0\" value=\"1\">      <script type=\"text\/javascript\">        if( jQuery('.bwg_nav_cont_0').length > 1 ) {          jQuery('.bwg_nav_cont_0').first().remove()        }        function spider_page_0(cur, x, y, load_more) {          if (typeof load_more == \"undefined\") {            var load_more = false;          }          if (jQuery(cur).hasClass('disabled')) {            return false;          }          var items_county_0 = 1;          switch (y) {            case 1:              if (x >= items_county_0) {                document.getElementById('page_number_0').value = items_county_0;              }              else {                document.getElementById('page_number_0').value = x + 1;              }              break;            case 2:              document.getElementById('page_number_0').value = items_county_0;              break;            case -1:              if (x == 1) {                document.getElementById('page_number_0').value = 1;              }              else {                document.getElementById('page_number_0').value = x - 1;              }              break;            case -2:              document.getElementById('page_number_0').value = 1;              break;\t\t\t\t\t\tcase 0:              document.getElementById('page_number_0').value = x;              break;            default:              document.getElementById('page_number_0').value = 1;          }          bwg_ajax('gal_front_form_0', '0', 'bwg_thumbnails_0', '0', '', 'gallery', 0, '', '', load_more, '', 1);        }                    jQuery('.first-page-0').on('click', function () {              spider_page_0(this, 1, -2, 'numeric');              return false;            });            jQuery('.prev-page-0').on('click', function () {              spider_page_0(this, 1, -1, 'numeric');              return false;            });            jQuery('.next-page-0').on('click', function () {              spider_page_0(this, 1, 1, 'numeric');              return false;            });            jQuery('.last-page-0').on('click', function () {              spider_page_0(this, 1, 2, 'numeric');              return false;            });        \t\t\t\t\/* Change page on input enter. *\/        function bwg_change_page_0( e, that ) {          if (  e.key == 'Enter' ) {            var to_page = parseInt(jQuery(that).val());            var pages_count = jQuery(that).parents(\".pagination-links\").data(\"pages-count\");            var current_url_param = jQuery(that).attr('data-url-info');            if (to_page > pages_count) {              to_page = 1;            }\t \t\t\t\t\t\t\t\t\t\t\t\tspider_page_0(this, to_page, 0, 'numeric');\t\t\t\t\t\t\treturn false;\t\t\t\t\t\t          }          return true;        }        jQuery('.bwg_load_btn_0').on('click', function () {            spider_page_0(this, 1, 1, true);            return false;        });      <\/script>      <\/span>                <\/div>        <\/form>        <style>          #bwg_container1_0 #bwg_container2_0 #spider_popup_overlay_0 {          background-color: #EEEEEE;          opacity: 0.60;          }          <\/style>        <div id=\"bwg_spider_popup_loading_0\" class=\"bwg_spider_popup_loading\"><\/div>        <div id=\"spider_popup_overlay_0\" class=\"spider_popup_overlay\" onclick=\"spider_destroypopup(1000)\"><\/div>        <input type=\"hidden\" id=\"bwg_random_seed_0\" value=\"412118361\">                <\/div>    <\/div>    <script>      if (document.readyState === 'complete') {        if( typeof bwg_main_ready == 'function' ) {          if ( jQuery(\"#bwg_container1_0\").height() ) {            bwg_main_ready(jQuery(\"#bwg_container1_0\"));          }        }      } else {        document.addEventListener('DOMContentLoaded', function() {          if( typeof bwg_main_ready == 'function' ) {            if ( jQuery(\"#bwg_container1_0\").height() ) {             bwg_main_ready(jQuery(\"#bwg_container1_0\"));            }          }        });      }    <\/script>    \n<h3><span style=\"color: #000080;\">Das wollene Bindetuch<\/span><\/h3>\n<p>Zum Dritten gab es f\u00fcr die K\u00e4lte noch gro\u00dfe <span style=\"color: #008080;\"><strong>wollene<\/strong> <strong>Bindet\u00fccher<\/strong><\/span>: &#8222;Gro\u00df und breit waren die wollenen T\u00fccher zum Schutze gegen die K\u00e4lte. sie wurden auf der Brust gekreuzt und im R\u00fccken geknotet.&#8220;<\/p>\n<p><noscript><img decoding=\"async\" class=\"alignnone size-medium wp-image-612\" src=\"\/wp-content\/uploads\/2021\/02\/wolltuch-vorn-kl-300x249.jpg\" alt width=\"300\" height=\"249\" srcset=\"https:\/\/altriper-tracht.de\/wp-content\/uploads\/2021\/02\/wolltuch-vorn-kl-300x249.jpg 300w, https:\/\/altriper-tracht.de\/wp-content\/uploads\/2021\/02\/wolltuch-vorn-kl.jpg 709w\" sizes=\"(max-width: 300px) 100vw, 300px\"><\/noscript><img decoding=\"async\" class=\"alignnone size-medium wp-image-612 lazyload\" src=\"data:image\/svg+xml,%3Csvg%20xmlns%3D%22http%3A%2F%2Fwww.w3.org%2F2000%2Fsvg%22%20viewBox%3D%220%200%20300%20249%22%3E%3C%2Fsvg%3E\" alt width=\"300\" height=\"249\" srcset=\"data:image\/svg+xml,%3Csvg%20xmlns%3D%22http%3A%2F%2Fwww.w3.org%2F2000%2Fsvg%22%20viewBox%3D%220%200%20300%20249%22%3E%3C%2Fsvg%3E 300w\" sizes=\"(max-width: 300px) 100vw, 300px\" data-srcset=\"https:\/\/altriper-tracht.de\/wp-content\/uploads\/2021\/02\/wolltuch-vorn-kl-300x249.jpg 300w, https:\/\/altriper-tracht.de\/wp-content\/uploads\/2021\/02\/wolltuch-vorn-kl.jpg 709w\" data-src=\"\/wp-content\/uploads\/2021\/02\/wolltuch-vorn-kl-300x249.jpg\"><\/p>\n<p><noscript><img decoding=\"async\" class=\"alignnone size-medium wp-image-610\" src=\"\/wp-content\/uploads\/2021\/02\/Wolltuch-hinten-kl-300x288.jpg\" alt width=\"300\" height=\"288\" srcset=\"https:\/\/altriper-tracht.de\/wp-content\/uploads\/2021\/02\/Wolltuch-hinten-kl-300x288.jpg 300w, https:\/\/altriper-tracht.de\/wp-content\/uploads\/2021\/02\/Wolltuch-hinten-kl-768x736.jpg 768w, https:\/\/altriper-tracht.de\/wp-content\/uploads\/2021\/02\/Wolltuch-hinten-kl.jpg 850w\" sizes=\"(max-width: 300px) 100vw, 300px\"><\/noscript><img decoding=\"async\" class=\"alignnone size-medium wp-image-610 lazyload\" src=\"data:image\/svg+xml,%3Csvg%20xmlns%3D%22http%3A%2F%2Fwww.w3.org%2F2000%2Fsvg%22%20viewBox%3D%220%200%20300%20288%22%3E%3C%2Fsvg%3E\" alt width=\"300\" height=\"288\" srcset=\"data:image\/svg+xml,%3Csvg%20xmlns%3D%22http%3A%2F%2Fwww.w3.org%2F2000%2Fsvg%22%20viewBox%3D%220%200%20300%20288%22%3E%3C%2Fsvg%3E 300w\" sizes=\"(max-width: 300px) 100vw, 300px\" data-srcset=\"https:\/\/altriper-tracht.de\/wp-content\/uploads\/2021\/02\/Wolltuch-hinten-kl-300x288.jpg 300w, https:\/\/altriper-tracht.de\/wp-content\/uploads\/2021\/02\/Wolltuch-hinten-kl-768x736.jpg 768w, https:\/\/altriper-tracht.de\/wp-content\/uploads\/2021\/02\/Wolltuch-hinten-kl.jpg 850w\" data-src=\"\/wp-content\/uploads\/2021\/02\/Wolltuch-hinten-kl-300x288.jpg\"><\/p>\n<p><strong>Sie geh\u00f6ren nicht zur Festtagstracht und ersetzen nicht die Jacke<\/strong>, sondern dienen nur als zus\u00e4tzlichen Schutz gegen die K\u00e4lte.<\/p>\n<p>Welche Wolle? Dieses Tuch wurde mit Merinowolle, Nadelst\u00e4rke 4, kraus rechts gestrickt. Durch das Kraus-Rechts-Stricken gibt es wirklich Schutz gegen die K\u00e4lte. Allerdings funktionieren hierbei keine Muster, einzig das Variieren mit anderen Farben als der Grundfarbe ist m\u00f6glich.<\/p>\n<p>Wollfarben: grunds\u00e4tzlich: passend zur Tracht. Heutzutage findet man tolle, abwechslungsreiche, mit Farbverl\u00e4ufen gef\u00e4rbte Wolle \ud83e\uddf6, die es damals so nicht gab. Die Grundfarbe sollte daher auf alle F\u00e4lle einfarbig sein, wenn weitere Farben in nicht zu gro\u00dfer Menge (als Akzent) eingestrickt werden, m\u00fcssen diese nicht ganz einfarbig sein. Wollmenge: ca 10 Kn\u00e4uel Wolle.<\/p>\n<p><a href=\"https:\/\/altriper-tracht.de\/wp-content\/uploads\/2021\/03\/Bindetuch-Anleitung.pdf\" target=\"_blank\" rel=\"noopener\"><span style=\"color: #008080;\"><b>Strickanleitung<\/b><\/span><\/a><\/p>\n<p><b>Passt auch als <a href=\"https:\/\/images.app.goo.gl\/hzzVAWMYKSQibxBm8\" rel=\"noopener\" target=\"_blank\">Claires Wolltuch in Outlander<\/a>\u2026<\/b>\ud83d\ude09<\/p>\n","protected":false},"excerpt":{"rendered":"<p>Laut Karl-August Becker, &#8222;Die Volkstrachten in der Pfalz&#8220;, S 133 ff., gibt es drei verschiedene Arten von T\u00fcchern. Das kleinere Brusttuch Zun\u00e4chst einmal das kleinere Brusttuch (Unterhalstuch; viereckiges Tuch, 60 x60 cm, zusammengelegt als Dreieck), das nur den Brustausschnitt bedeckte und in das Leibchen gesteckt wurde. Diese Art von Brusttuch wurde immer getragen, war im&hellip; <\/p>\n<p> <a rel=\"bookmark\" class=\"read-more btn btn-primary\" href=\"https:\/\/altriper-tracht.de\/?page_id=253\">Weiterlesen<span class=\"screen-reader-text\"> bei T\u00fccher <\/span>&raquo;<\/a><\/p>\n","protected":false},"author":2,"featured_media":0,"parent":56,"menu_order":0,"comment_status":"open","ping_status":"closed","template":"","meta":{"_crdt_document":"","footnotes":""},"class_list":["post-253","page","type-page","status-publish","hentry"],"_links":{"self":[{"href":"https:\/\/altriper-tracht.de\/index.php?rest_route=\/wp\/v2\/pages\/253","targetHints":{"allow":["GET"]}}],"collection":[{"href":"https:\/\/altriper-tracht.de\/index.php?rest_route=\/wp\/v2\/pages"}],"about":[{"href":"https:\/\/altriper-tracht.de\/index.php?rest_route=\/wp\/v2\/types\/page"}],"author":[{"embeddable":true,"href":"https:\/\/altriper-tracht.de\/index.php?rest_route=\/wp\/v2\/users\/2"}],"replies":[{"embeddable":true,"href":"https:\/\/altriper-tracht.de\/index.php?rest_route=%2Fwp%2Fv2%2Fcomments&post=253"}],"version-history":[{"count":40,"href":"https:\/\/altriper-tracht.de\/index.php?rest_route=\/wp\/v2\/pages\/253\/revisions"}],"predecessor-version":[{"id":1303,"href":"https:\/\/altriper-tracht.de\/index.php?rest_route=\/wp\/v2\/pages\/253\/revisions\/1303"}],"up":[{"embeddable":true,"href":"https:\/\/altriper-tracht.de\/index.php?rest_route=\/wp\/v2\/pages\/56"}],"wp:attachment":[{"href":"https:\/\/altriper-tracht.de\/index.php?rest_route=%2Fwp%2Fv2%2Fmedia&parent=253"}],"curies":[{"name":"wp","href":"https:\/\/api.w.org\/{rel}","templated":true}]}}